- (-6)/(-27)). Let y(z) be the second derivative of -z**5/20 + z**4/3 - z**3/2 + z. What is y(n)?
0
Let d(s) = -3*s**2 - 2*s - 10. Let a(t) = 6*t**2 - 20*t + 49. Let b(y) = a(y) + d(y). Calculate b(2).
7
Suppose -3*j + 40 = q, 81 - 17 = 5*j + 3*q. Let z be (-5*j/(-105))/((-2)/(-18)). Let a(h) = -2*h + 7. Give a(z).
-5
Let i = 430 - 646. Let a = i - -219. Let h(o) = -4*o + 3. Let n(b) = -4*b + 4. Let l(x) = -7*h(x) + 6*n(x). Calculate l(a).
15
Let a = -4556 + 4557. Let y(m) = 1 - m + 16*m**2 - 8*m**2 - 2*m**2. What is y(a)?
6
Let x(g) = -105 + 41 + 83 + 10*g. Give x(-3).
-11
Let i(t) = -3*t + 1. Let z(s) = -s**2 + s - 30. Let x be z(-12). Let o = x - -177. What is i(o)?
28
Let j = 119 - 306. Let s = -181 - j. Let i(m) = m - 5. Calculate i(s).
1
Suppose -11 - 7 = -6*x. Let d(h) = -h**3 - 7*h**2 - 50*h - 64*h + 110*h + x. What is d(-6)?
-9
Let v = 45990 + -45988. Let a(l) = 17*l + 11. Let p(g) = -9*g - 6. Let s(w) = -6*a(w) - 11*p(w). Calculate s(v).
-6
Let n(f) = -5*f - 89. Let u = -234 - -216. Let v be n(u). Let i(g) = -5*g**3 + 2*g**2 - 1. Give i(v).
-4
Let g(i) be the second derivative of i**5/20 - 13*i**4/12 - i**3/3 + 13*i**2/2 + 899*i - 1. What is g(13)?
-13
Let w be ((-2)/13 - 0) + 178/(-26). Let u(z) = -z**3 - 7*z**2 - 2*z - 8. Let q be u(w). Let i be -2 + q + 1 + 0. Let k(j) = j - 1. Determine k(i).
4
Let f = 18 - 10. Suppose w - 27 = -f*w. Let o(a) = 4 - 5*a**2 + w*a**2 + a**2 + 4*a. Calculate o(4).
4
Let x be ((-56)/98)/(2/(-7)). Let b be ((-1)/(-3))/((-2)/(-66)). Let o(k) = 1 - 2*k**3 + 10*k**2 + 1 - b*k**2 - 2*k. Give o(x).
-22
Let n(a) be the first derivative of a**3/3 + 11*a**2/2 + 10*a - 2037. What is n(-7)?
-18
Let b be (-1 + 3/3)*(-2)/(-4). Suppose b*r + d - 47 = 5*r, -51 = 5*r - 3*d. Let y(g) = g + 12. Give y(r).
3
Let i(b) be the first derivative of b**7/840 + b**5/60 + b**4/24 - 3*b**3 - 70. Let l(o) be the third derivative of i(o). Give l(-2).
-11
Let x(y) = -19*y**2 - 26*y - 80. Let f(i) = -43*i**2 - 53*i - 161. Let v(u) = -4*f(u) + 9*x(u). Calculate v(25).
-1
Let c(s) = s**2 + 11*s - 56. Suppose 1380 = -116*y - 244. Determine c(y).
-14
Let i(r) be the third derivative of -r**6/6 - r**5/60 - r**4/24 + r**3/6 + r**2 + 87*r - 11. Calculate i(1).
-21
Let g(x) = -3*x + 3. Let c(q) = 4*q - 3. Let j(r) = 5*c(r) + 6*g(r). Let h be -2 - (-2 + (-16)/(-4)). Calculate j(h).
-5
Let g(a) = 222*a + 10. Let n(p) = 89*p + 4. Let t(k) = 5*g(k) - 12*n(k). Let i be t(1). Let r = i + -39. Let c(w) = -w**2 + 6*w - 1. Calculate c(r).
4
Let h(o) be the third derivative of -o**4/12 - 11*o**3/6 + 1987*o**2. Give h(10).
-31
Let c(n) = 8*n**2 - n. Let l be c(-1). Suppose -2*o = -l*o - 14. Let k(j) = 2*j**2 - 2*j - 2. Determine k(o).
10
Suppose 164 - 184 = 4*o. Let a(i) = -2*i**2 + 14. Calculate a(o).
-36
Let l(n) = -n**3 - 56*n**2 - 11*n + 141*n**2 - 66*n**2 - 14. Let p(c) = c**3 - 17*c**2 + 11*c + 14. Let a(g) = -2*l(g) - 3*p(g). What is a(12)?
-2
Let u(p) be the first derivative of 2/3*p**3 - p + 49 - 3/2*p**2. Calculate u(-2).
13
Suppose 3*r - 2*r + 2*z = 4, 4*z - 20 = 0. Let j be 0 + -2*(-21)/r. Let h(i) be the first derivative of i**2/2 + 3*i + 11. What is h(j)?
-4
Let s(p) be the second derivative of -p**5/20 - p**4/6 + 2*p**3/3 - p**2 - 7*p. Suppose t + 149 - 147 = 0, 5*o + t = 8. Give s(o).
-10
Let n(y) = 3*y + 5. Let j(x) = -2*x**3 + 8*x**2 - 8*x + 31. Let v be j(4). Calculate n(v).
2
Suppose 2*t = 3*k + 91, -t + 5*k = -3*t + 115. Let v be 3/(-81)*-6 - 806/(-18). Let i = v - t. Let d(h) = h + 5. Calculate d(i).
0
Let g(z) = 5*z**2 + 3*z + 7. Let y(x) = 4*x**2 + 6*x + 8. Let t(o) = 3*g(o) - 4*y(o). Determine t(-14).
3
Let m(x) = x**3 + 3*x**2 - 2*x + 3. Suppose 0 = -5*b + 3*g - 120, -3*g = -2*b - 0*g - 57. Let d = 18 + b. Determine m(d).
9
Let k(x) = -x**3 + 28*x**2 - 52*x + 4. Let g be k(26). Suppose -g*z - 2*u - 24 = 0, -5*z - u - 31 = u. Let t(a) = a**3 + 8*a**2 + 7*a + 6. Calculate t(z).
6
Let u(v) = 2*v**3 - 17 + 4*v**3 + 2*v**3 - 16*v**3 + 74*v + 9*v**3 + 28*v**2. Let h be u(-25). Let w(r) = r**3 - 9*r**2 + 9*r + 10. Calculate w(h).
18
Let c = -1669 - -1669. Let g(t) be the third derivative of 0 - 1/24*t**4 + 0*t + c*t**3 - 1/24*t**6 - 1/30*t**5 - 12*t**2. Determine g(-1).
4
Let b be 5/((-15)/(-6))*2. Let c be (-4)/(-6)*(-13 - -16). Let w(d) = d**2 - 34*d + 7 + 28*d - c. Determine w(b).
-3
Let z(x) = 12*x + 45. Let y = 7334 - 7339. Determine z(y).
-15
Let d(q) = -q**2 - 9*q - 9. Let y be ((-24)/10)/(30/(-50)). Suppose -y*w + 2*n + n - 48 = 0, 3*w + 4*n = -11. Calculate d(w).
-9
Suppose -5*b - 2 - 8 = 0. Let z be (-300)/78 + b/13. Let p = z - -8. Let f(a) = a**2 - 8*a - 5. Determine f(p).
-21
Let u(o) = 10*o + 23. Suppose -105*q - 184 = 341. What is u(q)?
-27
Let v(q) be the first derivative of 2*q**3/3 - 47*q**2/2 + 65*q - 3142. Determine v(22).
-1
Let x(f) be the first derivative of -f**4/4 + 8*f**3/3 - 7*f**2/2 - 2*f + 8. Suppose -4*k = -z - k + 16, 0 = -5*z + 2*k + 41. Give x(z).
-2
Let c(r) be the first derivative of r**4/6 - r - 191. Let p(j) be the first derivative of c(j). Give p(-2).
8
Let h(d) = d. Suppose 144 = -m + 145. Let v(z) = z**2 + 11*z + 6. Let g(s) = m*v(s) - 5*h(s). Let o(x) = x - 11. Let j be o(5). Determine g(j).
6
Let q(j) = 10*j**3 - j**2 + 2*j - 1. Suppose 3*p - 2*v + 4 = 9, -p - v = 0. Let a be q(p). Let k(i) = -1 - a*i**2 + 0 + 10*i - 11*i. Calculate k(-1).
-10
Let u(p) = -3 - 7*p + 52*p**2 - 25*p**2 - 21*p**2 + p**3. Suppose -3*r - 2 = 1, -5*r + 3 = -q. Let n = -15 - q. Calculate u(n).
-3
Let u(c) = 2*c**3 + 14*c**2 - 4*c - 41. Let p be u(-7). Let k(d) = d**3 + 10*d**2 - 40*d + 4. Determine k(p).
17
Let r be (-30)/(-165) + 4/(-22). Suppose -k + 4 = 2*y, r = 5*k - 2*y - 4 - 4. Suppose 0 = -k*x + 1 - 13. Let n(f) = -f**3 - 7*f**2 - 6*f - 1. What is n(x)?
-1
Let f(i) be the second derivative of -i**7/2520 - i**6/90 + i**5/30 - i**4/6 + 11*i**3/2 - 13*i. Let d(a) be the third derivative of f(a). What is d(-8)?
4
Let s = -19 - -16. Let a be 1 - -7 - (-280)/(-56). Let x(i) = 7*i**2 + 7*i**2 + 3 - a*i**2 - 15*i**2 - 3*i. Give x(s).
-24
Let y(w) = 3*w**2 - 13*w - 26. Suppose s - 17 = -3*d, d + 4*s = -2*s. What is y(d)?
4
Suppose -5*r + 30 = 5*z, 2*r - 5*r - 6 = -5*z. Let b(a) = -2*a**2 - 2*a - a**2 + z + a**2 - a**2. Calculate b(2).
-13
Let z(o) = 1759*o - 3535*o + 1770*o - 5 + 0 - 2. Give z(-3).
11
Suppose 2*f + 2*k - 3 + 13 = 0, -3*f = -5*k + 7. Suppose 0*c = -c + 1. Let x(z) = 5 - 2 - 2*z + c + 3*z. Determine x(f).
0
Let h be (-34)/10 + (-2)/(-5). Let b(u) be the second derivative of 1/3*u**3 + 9*u + 5 + 3/2*u**2 + 1/12*u**4. Calculate b(h).
6
Let f(h) = 13 + 11 + 12 - 2*h + 8 - 39. What is f(-3)?
11
Let g(k) = -7*k**2 + 1354*k - 4. Let z(u) = 13*u**2 - 2484*u + 5. Let f(x) = 11*g(x) + 6*z(x). Suppose 0 = -2*i + 35 - 11. What is f(i)?
10
Let r = -61 + 66. Suppose -3 = -r*o - s, 0 = -5*o + 5*s + 8 + 7. Let n(j) = 12*j**2 + j. Determine n(o).
13
Let y(n) = 13*n - 8 - 366*n**2 - 5 + 3*n**3 + 379*n**2 - 2*n - 2*n**3. Let a(f) = f**3 + 19*f**2 - 12. Let q be a(-19). What is y(q)?
-1
Let l(u) = 14 - u**2 + 2*u - 3 + 3 + 0*u - 1. Determine l(0).
13
Suppose 56 = v + 43. Let r(i) = 7 + v + i - 20. Let y(s) = -s**2 + 2*s - 1. Let h(p) = -4*r(p) + y(p). Calculate h(-4).
-9
Let k be ((-42)/6 + (-117)/(-18))*10. Let z(w) = w**2 + 5*w + 2. Give z(k).
2
Suppose -4*d = -2*b - 8, 105*b + 4 = 103*b + 3*d. Let t(c) = -7*c + 8*c - 3 - b*c - 4*c. Give t(-5).
32
Let t = 10 + -10. Suppose t = 7*f - 4*f. Let b(i) = 2*i + 1. Let u(p) = -p**2 - 11*p - 2. Let y(x) = -5*b(x) - u(x). Give y(f).
-3
Let u(b) = -10*b + 1. Let l(z) = -7*z + 1. Let t(m) = 3*l(m) - 2*u(m). Suppose -q + w + 2*w = 3, q + 2*w = -18. Let a = 12 + q. Calculate t(a).
1
Let o(p) = p**3 + 5*p**2 - 6*p - 6. Let k = -31 - -55. Suppose -6*b + k = -0. Suppose -7 + 31 = -b*w. Determine o(w).
-6
Let x(h) = -31*h**2 - 8*h + 32. Let c(a) = a - 3*a + 25*a**2 - 11*a**2 - 11 + 5*a - 3*a**2. Let t(w) = -17*c(w) - 6*x(w). Calculate t(-7).
-33
Let h = -35613 + 35613. Let y(g) be the second derivative of 5/2*g**2 + 7/6*g**3 + h - 44*g. What is y(-4)?
-23
Let s(n) be the second derivative of 1/6*n**3 - 14*n - 3*n**2 + 0 - 1/20*n**5 + 5/12*n**4. Determine s(5).
-1
Let v(j) = 5*j**2 + 24*j + 105. Let y(i) = 18*i**2 + 95*i + 417. Let s(o) = 11*v(o) - 3*y(o). What is s(25)?
4
Let k(d) =